{"id":13044,"date":"2025-03-07T12:25:09","date_gmt":"2025-03-07T11:25:09","guid":{"rendered":"https:\/\/blog.laviny.sk\/wp-content\/uploads\/2025\/03\/1_3_2025-Nizke-Tatry-zachranna-akcia-strhnuteho-lavinou-do-deresskeho-kotla3.jpg"},"modified":"2025-03-07T12:27:39","modified_gmt":"2025-03-07T11:27:39","slug":"1_3_2025-nizke-tatry-zachranna-akcia-strhnuteho-lavinou-do-deresskeho-kotla3","status":"inherit","type":"attachment","link":"https:\/\/blog.laviny.sk\/?attachment_id=13044","title":{"rendered":"1_3_2025 N\u00edzke Tatry, z\u00e1chrann\u00e1 akcia, kryhy po\u010das spustu do Deres\u0161k\u00e9ho kotla"},"author":1,"featured_media":0,"comment_status":"open","ping_status":"closed","template":"","meta":{"jetpack_post_was_ever_published":false},"class_list":["post-13044","attachment","type-attachment","status-inherit","hentry"],"jetpack_sharing_enabled":true,"jetpack_shortlink":"https:\/\/wp.me\/a8DxWh-3oo","description":{"rendered":"<p class=\"attachment\"><a href='https:\/\/blog.laviny.sk\/wp-content\/uploads\/2025\/03\/1_3_2025-Nizke-Tatry-zachranna-akcia-strhnuteho-lavinou-do-deresskeho-kotla3.jpg'><img loading=\"lazy\" decoding=\"async\" width=\"300\" height=\"225\" src=\"https:\/\/blog.laviny.sk\/wp-content\/uploads\/2025\/03\/1_3_2025-Nizke-Tatry-zachranna-akcia-strhnuteho-lavinou-do-deresskeho-kotla3-300x225.jpg\" class=\"attachment-medium size-medium\" alt=\"\" srcset=\"https:\/\/blog.laviny.sk\/wp-content\/uploads\/2025\/03\/1_3_2025-Nizke-Tatry-zachranna-akcia-strhnuteho-lavinou-do-deresskeho-kotla3-300x225.jpg 300w, https:\/\/blog.laviny.sk\/wp-content\/uploads\/2025\/03\/1_3_2025-Nizke-Tatry-zachranna-akcia-strhnuteho-lavinou-do-deresskeho-kotla3-1024x768.jpg 1024w, https:\/\/blog.laviny.sk\/wp-content\/uploads\/2025\/03\/1_3_2025-Nizke-Tatry-zachranna-akcia-strhnuteho-lavinou-do-deresskeho-kotla3-768x576.jpg 768w, https:\/\/blog.laviny.sk\/wp-content\/uploads\/2025\/03\/1_3_2025-Nizke-Tatry-zachranna-akcia-strhnuteho-lavinou-do-deresskeho-kotla3.jpg 1200w\" sizes=\"auto, (max-width: 300px) 100vw, 300px\" data-attachment-id=\"13044\" data-permalink=\"https:\/\/blog.laviny.sk\/?attachment_id=13044\" data-orig-file=\"https:\/\/blog.laviny.sk\/wp-content\/uploads\/2025\/03\/1_3_2025-Nizke-Tatry-zachranna-akcia-strhnuteho-lavinou-do-deresskeho-kotla3.jpg\" data-orig-size=\"1200,900\" data-comments-opened=\"1\" data-image-meta=\"{&quot;aperture&quot;:&quot;0&quot;,&quot;credit&quot;:&quot;&quot;,&quot;camera&quot;:&quot;&quot;,&quot;caption&quot;:&quot;&quot;,&quot;created_timestamp&quot;:&quot;0&quot;,&quot;copyright&quot;:&quot;&quot;,&quot;focal_length&quot;:&quot;0&quot;,&quot;iso&quot;:&quot;0&quot;,&quot;shutter_speed&quot;:&quot;0&quot;,&quot;title&quot;:&quot;&quot;,&quot;orientation&quot;:&quot;0&quot;}\" data-image-title=\"1_3_2025 N\u00edzke Tatry, z\u00e1chrann\u00e1 akcia, kryhy po\u010das spustu do Deres\u0161k\u00e9ho kotla\" data-image-description=\"\" data-image-caption=\"&lt;p&gt;1.3.2025, N\u00edzke Tatry, kryhy po\u010das spustu na z\u00e1chrann\u00fa akciu&lt;\/p&gt;\n\" data-large-file=\"https:\/\/blog.laviny.sk\/wp-content\/uploads\/2025\/03\/1_3_2025-Nizke-Tatry-zachranna-akcia-strhnuteho-lavinou-do-deresskeho-kotla3-1024x768.jpg\" \/><\/a><\/p>\n"},"caption":{"rendered":"<p>1.3.2025, N\u00edzke Tatry, kryhy po\u010das spustu na z\u00e1chrann\u00fa akciu<\/p>\n"},"alt_text":"","media_type":"image","mime_type":"image\/jpeg","media_details":{"width":1200,"height":900,"file":"2025\/03\/1_3_2025-Nizke-Tatry-zachranna-akcia-strhnuteho-lavinou-do-deresskeho-kotla3.jpg","filesize":81258,"sizes":{"medium":{"file":"1_3_2025-Nizke-Tatry-zachranna-akcia-strhnuteho-lavinou-do-deresskeho-kotla3-300x225.jpg","width":300,"height":225,"filesize":2944,"mime_type":"image\/jpeg","source_url":"https:\/\/blog.laviny.sk\/wp-content\/uploads\/2025\/03\/1_3_2025-Nizke-Tatry-zachranna-akcia-strhnuteho-lavinou-do-deresskeho-kotla3-300x225.jpg"},"large":{"file":"1_3_2025-Nizke-Tatry-zachranna-akcia-strhnuteho-lavinou-do-deresskeho-kotla3-1024x768.jpg","width":1024,"height":768,"filesize":21296,"mime_type":"image\/jpeg","source_url":"https:\/\/blog.laviny.sk\/wp-content\/uploads\/2025\/03\/1_3_2025-Nizke-Tatry-zachranna-akcia-strhnuteho-lavinou-do-deresskeho-kotla3-1024x768.jpg"},"thumbnail":{"file":"1_3_2025-Nizke-Tatry-zachranna-akcia-strhnuteho-lavinou-do-deresskeho-kotla3-150x150.jpg","width":150,"height":150,"filesize":1260,"mime_type":"image\/jpeg","source_url":"https:\/\/blog.laviny.sk\/wp-content\/uploads\/2025\/03\/1_3_2025-Nizke-Tatry-zachranna-akcia-strhnuteho-lavinou-do-deresskeho-kotla3-150x150.jpg"},"medium_large":{"file":"1_3_2025-Nizke-Tatry-zachranna-akcia-strhnuteho-lavinou-do-deresskeho-kotla3-768x576.jpg","width":768,"height":576,"filesize":13467,"mime_type":"image\/jpeg","source_url":"https:\/\/blog.laviny.sk\/wp-content\/uploads\/2025\/03\/1_3_2025-Nizke-Tatry-zachranna-akcia-strhnuteho-lavinou-do-deresskeho-kotla3-768x576.jpg"},"post-thumbnail":{"file":"1_3_2025-Nizke-Tatry-zachranna-akcia-strhnuteho-lavinou-do-deresskeho-kotla3-220x126.jpg","width":220,"height":126,"filesize":1262,"mime_type":"image\/jpeg","source_url":"https:\/\/blog.laviny.sk\/wp-content\/uploads\/2025\/03\/1_3_2025-Nizke-Tatry-zachranna-akcia-strhnuteho-lavinou-do-deresskeho-kotla3-220x126.jpg"},"expound-featured":{"file":"1_3_2025-Nizke-Tatry-zachranna-akcia-strhnuteho-lavinou-do-deresskeho-kotla3-460x260.jpg","width":460,"height":260,"filesize":3454,"mime_type":"image\/jpeg","source_url":"https:\/\/blog.laviny.sk\/wp-content\/uploads\/2025\/03\/1_3_2025-Nizke-Tatry-zachranna-akcia-strhnuteho-lavinou-do-deresskeho-kotla3-460x260.jpg"},"expound-mini":{"file":"1_3_2025-Nizke-Tatry-zachranna-akcia-strhnuteho-lavinou-do-deresskeho-kotla3-50x50.jpg","width":50,"height":50,"filesize":472,"mime_type":"image\/jpeg","source_url":"https:\/\/blog.laviny.sk\/wp-content\/uploads\/2025\/03\/1_3_2025-Nizke-Tatry-zachranna-akcia-strhnuteho-lavinou-do-deresskeho-kotla3-50x50.jpg"},"full":{"file":"1_3_2025-Nizke-Tatry-zachranna-akcia-strhnuteho-lavinou-do-deresskeho-kotla3.jpg","width":1200,"height":900,"mime_type":"image\/jpeg","source_url":"https:\/\/blog.laviny.sk\/wp-content\/uploads\/2025\/03\/1_3_2025-Nizke-Tatry-zachranna-akcia-strhnuteho-lavinou-do-deresskeho-kotla3.jpg"}},"image_meta":{"aperture":"0","credit":"","camera":"","caption":"","created_timestamp":"0","copyright":"","focal_length":"0","iso":"0","shutter_speed":"0","title":"","orientation":"0","keywords":[]}},"post":null,"source_url":"https:\/\/blog.laviny.sk\/wp-content\/uploads\/2025\/03\/1_3_2025-Nizke-Tatry-zachranna-akcia-strhnuteho-lavinou-do-deresskeho-kotla3.jpg","_links":{"self":[{"href":"https:\/\/blog.laviny.sk\/index.php?rest_route=\/wp\/v2\/media\/13044","targetHints":{"allow":["GET"]}}],"collection":[{"href":"https:\/\/blog.laviny.sk\/index.php?rest_route=\/wp\/v2\/media"}],"about":[{"href":"https:\/\/blog.laviny.sk\/index.php?rest_route=\/wp\/v2\/types\/attachment"}],"author":[{"embeddable":true,"href":"https:\/\/blog.laviny.sk\/index.php?rest_route=\/wp\/v2\/users\/1"}],"replies":[{"embeddable":true,"href":"https:\/\/blog.laviny.sk\/index.php?rest_route=%2Fwp%2Fv2%2Fcomments&post=13044"}]}}

1_3_2025 Nízke Tatry, záchranná akcia, kryhy počas spustu do Deresškého kotla

<p class="attachment"><a href='https://blog.laviny.sk/wp-content/uploads/2025/03/1_3_2025-Nizke-Tatry-zachranna-akcia-strhnuteho-lavinou-do-deresskeho-kotla3.jpg'><img loading="lazy" decoding="async" width="300" height="225" src="https://blog.laviny.sk/wp-content/uploads/2025/03/1_3_2025-Nizke-Tatry-zachranna-akcia-strhnuteho-lavinou-do-deresskeho-kotla3-300x225.jpg" class="attachment-medium size-medium" alt="" srcset="https://blog.laviny.sk/wp-content/uploads/2025/03/1_3_2025-Nizke-Tatry-zachranna-akcia-strhnuteho-lavinou-do-deresskeho-kotla3-300x225.jpg 300w, https://blog.laviny.sk/wp-content/uploads/2025/03/1_3_2025-Nizke-Tatry-zachranna-akcia-strhnuteho-lavinou-do-deresskeho-kotla3-1024x768.jpg 1024w, https://blog.laviny.sk/wp-content/uploads/2025/03/1_3_2025-Nizke-Tatry-zachranna-akcia-strhnuteho-lavinou-do-deresskeho-kotla3-768x576.jpg 768w, https://blog.laviny.sk/wp-content/uploads/2025/03/1_3_2025-Nizke-Tatry-zachranna-akcia-strhnuteho-lavinou-do-deresskeho-kotla3.jpg 1200w" sizes="auto, (max-width: 300px) 100vw, 300px" data-attachment-id="13044" data-permalink="https://blog.laviny.sk/?attachment_id=13044" data-orig-file="https://blog.laviny.sk/wp-content/uploads/2025/03/1_3_2025-Nizke-Tatry-zachranna-akcia-strhnuteho-lavinou-do-deresskeho-kotla3.jpg" data-orig-size="1200,900" data-comments-opened="1" data-image-meta="{&quot;aperture&quot;:&quot;0&quot;,&quot;credit&quot;:&quot;&quot;,&quot;camera&quot;:&quot;&quot;,&quot;caption&quot;:&quot;&quot;,&quot;created_timestamp&quot;:&quot;0&quot;,&quot;copyright&quot;:&quot;&quot;,&quot;focal_length&quot;:&quot;0&quot;,&quot;iso&quot;:&quot;0&quot;,&quot;shutter_speed&quot;:&quot;0&quot;,&quot;title&quot;:&quot;&quot;,&quot;orientation&quot;:&quot;0&quot;}" data-image-title="1_3_2025 Nízke Tatry, záchranná akcia, kryhy počas spustu do Deresškého kotla" data-image-description="" data-image-caption="&lt;p&gt;1.3.2025, Nízke Tatry, kryhy počas spustu na záchrannú akciu&lt;/p&gt;
" data-large-file="https://blog.laviny.sk/wp-content/uploads/2025/03/1_3_2025-Nizke-Tatry-zachranna-akcia-strhnuteho-lavinou-do-deresskeho-kotla3-1024x768.jpg" /></a></p>

<p>1.3.2025, Nízke Tatry, kryhy počas spustu na záchrannú akciu</p>
